{"id":628,"date":"2016-09-20T11:31:45","date_gmt":"2016-09-20T11:31:45","guid":{"rendered":"http:\/\/schiffahrtsregatta.de\/?page_id=628"},"modified":"2026-04-14T12:06:32","modified_gmt":"2026-04-14T12:06:32","slug":"willkommen-2","status":"publish","type":"page","link":"https:\/\/schiffahrtsregatta.de\/","title":{"rendered":"Home"},"content":{"rendered":"<h1>43. Peter Gast Schiffahrtsregatta 2026<\/h1>\n<h3>Am 22. August 2026 startet die 43. Schiffahrtsregatta 2026.<\/h3>\n<p>was einst als private Wettfahrt einiger Schifffahrtskaufleute begann, hat sich im Laufe der Jahre zu einem bedeutenden Event in der maritimen Branche entwickelt. Wir feuen uns , dass sich auf der d\u00e4nischen Insel \u00c6r\u00f8 bei der 43. Peter Gast Schiffahrtsregatta wieder mehr als 100 Yachten und \u00fcber 950 Teilnehmer treffen, um sich bei kulinarischen Gen\u00fcssen und interessanten Gespr\u00e4chen zu aktuellen Themen der Schifffahrtsbranche auszutauschen.<\/p>\n<p>Als Veranstalter der Regatta sind wir uns bewusst, dass die Peter Gast Schiffahrtsregatta ein wichtiger Treffpunkt f\u00fcr die maritime Branche ist, der den Austausch zwischen Experten und Branchenkennern f\u00f6rdert und dabei hilft, die Entwicklung der Branche voranzutreiben.<\/p>\n<p>Wir freuen uns darauf, Sie auch bei der 43. Ausgabe der Peter Gast Schiffahrtsregatta wieder in \u00c6r\u00f8sk\u00f8bing begr\u00fc\u00dfen zu d\u00fcrfen.<\/p>\n<p>&nbsp;<\/p>\n<p>Sehen Sie hier den Film zur 42. Schiffahrtsregatta 2025, mit freundlicher Unterst\u00fctzung der Berenberg Bank.<\/p>\n<p><iframe loading=\"lazy\" title=\"Schiffahrtsregatta 2024\" src=\"https:\/\/www.youtube.com\/embed\/JBppSgy9f2g\" width=\"560\" height=\"315\" frameborder=\"0\" allowfullscreen=\"allowfullscreen\"><\/iframe><\/p>\n<p>&nbsp;<\/p>\n","protected":false},"excerpt":{"rendered":"<p>43. Peter Gast Schiffahrtsregatta 2026 Am 22. August 2026 startet die 43. Schiffahrtsregatta 2026. was einst als private Wettfahrt einiger Schifffahrtskaufleute begann, hat sich im Laufe der Jahre zu einem bedeutenden Event in der maritimen Branche entwickelt. Wir feuen uns , dass sich auf der d\u00e4nischen Insel \u00c6r\u00f8 bei der 43. Peter Gast Schiffahrtsregatta wieder [&hellip;]<\/p>\n","protected":false},"author":1,"featured_media":0,"parent":0,"menu_order":0,"comment_status":"closed","ping_status":"closed","template":"","meta":[],"_links":{"self":[{"href":"https:\/\/schiffahrtsregatta.de\/index.php?rest_route=\/wp\/v2\/pages\/628"}],"collection":[{"href":"https:\/\/schiffahrtsregatta.de\/index.php?rest_route=\/wp\/v2\/pages"}],"about":[{"href":"https:\/\/schiffahrtsregatta.de\/index.php?rest_route=\/wp\/v2\/types\/page"}],"author":[{"embeddable":true,"href":"https:\/\/schiffahrtsregatta.de\/index.php?rest_route=\/wp\/v2\/users\/1"}],"replies":[{"embeddable":true,"href":"https:\/\/schiffahrtsregatta.de\/index.php?rest_route=%2Fwp%2Fv2%2Fcomments&post=628"}],"version-history":[{"count":75,"href":"https:\/\/schiffahrtsregatta.de\/index.php?rest_route=\/wp\/v2\/pages\/628\/revisions"}],"predecessor-version":[{"id":99099,"href":"https:\/\/schiffahrtsregatta.de\/index.php?rest_route=\/wp\/v2\/pages\/628\/revisions\/99099"}],"wp:attachment":[{"href":"https:\/\/schiffahrtsregatta.de\/index.php?rest_route=%2Fwp%2Fv2%2Fmedia&parent=628"}],"curies":[{"name":"wp","href":"https:\/\/api.w.org\/{rel}","templated":true}]}}